mmon divisor of 110 and z?
10
Suppose -217 = -5*f - 27. What is the greatest common divisor of 19 and f?
19
Suppose -3*p + 0*p + 27 = 0. Let q be -1 + 2/(-2) - -8. Let c(s) = s**2 - 4*s + 6. Let w be c(q). Calculate the highest common divisor of w and p.
9
Suppose -3*t = 99 + 18. Let b = -7 - t. Calculate the greatest common factor of 48 and b.
16
Let l(a) = a**2 - 3*a - 6. Let j be l(5). Let u be (-154)/(-10) - j/10. What is the highest common factor of u and 15?
15
Suppose -10 = -b + 22. Calculate the greatest common factor of 24 and b.
8
Let r(i) = 2*i**2 - 2*i - 22. Let k be r(11). What is the greatest common divisor of 22 and k?
22
Suppose m - 1 + 5 = 3*u, -4*u = -5*m + 2. Suppose -u*j - 2*j + 96 = 0. Calculate the greatest common divisor of 8 and j.
8
Suppose 23 = -4*r + 123. What is the greatest common factor of 50 and r?
25
Suppose -110 + 32 = -3*f. Let z = -18 + f. What is the highest common divisor of 16 and z?
8
Let s be (-1)/2 - 3/(-2). Let a = s - -2. Suppose -3*o + 5*p - 2 + 5 = 0, -3*o - a*p + 27 = 0. Calculate the highest common factor of o and 12.
6
Let y(c) = c**3 - c**2 + 2*c - 3. Let l be y(2). Suppose -4 = -d, -2*d + 21 = l*m + 3. Calculate the greatest common factor of m and 3.
1
Suppose -4*f - 21 = -f. Let t = 0 - f. Calculate the greatest common factor of 14 and t.
7
Suppose 3*c - 68 = 2*y, 0 = -3*c + y + 15 + 55. Let d be ((-3)/2)/((-6)/8). Suppose d*o - 315 + 75 = 0. Calculate the highest common divisor of o and c.
24
Suppose -8*y - 16 = -128. What is the highest common factor of 7 and y?
7
Let n(t) = t**2 - 2*t - 6. Let l be n(8). Let f be 222/l + (-2)/7. What is the greatest common divisor of 15 and f?
5
Let v be (-8)/(-10) - 44/55. Suppose v = -m + 3*m - 44. Calculate the greatest common divisor of m and 154.
22
Suppose -4*d + 112 = 4*n, 3*d + 7 - 67 = -2*n. Calculate the highest common divisor of n and 16.
8
Suppose -l = -7*h + 2*h - 31, -4*h - 71 = -3*l. What is the highest common divisor of l and 21?
21
Suppose 0 = -13*c + 14*c - 8. Calculate the greatest common factor of 12 and c.
4
Suppose 2*r + 150 = 7*r. Calculate the greatest common divisor of r and 3.
3
Suppose 9*i - 11*i = -56. What is the highest common factor of 7 and i?
7
Let m be (-3)/((-3)/(-6)*-3). Suppose -n + 6 = m*n. What is the greatest common factor of n and 6?
2
Let i be (24/3)/(5*(-2)/(-5)). What is the highest common factor of 4 and i?
4
Let t(n) = -2*n - 1. Let d be t(-2). Let w(q) = 9*q - 7. Let r be w(d). Calculate the greatest common divisor of r and 8.
4
Let n be 3/(-18) + (-727)/(-6). Let r be (8/6)/(2/6). Suppose 2*u - 5 = -5*d + 12, -r*d = 2*u - 18. Calculate the greatest common divisor of n and u.
11
Suppose 24 = -3*f + 75. Suppose -3*b + 4*i - f = 0, -2*b - 13 = -3*i - 1. Let l = b + 6. What is the greatest common factor of 1 and l?
1
Suppose 4*n - n - 33 = 0. Let i be (165/(-60))/(2/(-8)). What is the highest common divisor of i and n?
11
Suppose -4*a + 2*j + 422 = 0, -4*a + 0*j + 3*j = -423. Suppose 0 = 4*u - 0*u - 60. What is the greatest common divisor of a and u?
15
Let y(q) = -17*q**2 - 3*q. Let j(b) = 35*b**2 + 5*b + 1. Let u(k) = 4*j(k) + 7*y(k). Let r be u(-3). Calculate the highest common factor of r and 28.
28
Suppose 4*t = z + 3*t - 21, 5*z - 4*t = 101. Let f = z + -9. Calculate the greatest common factor of 64 and f.
8
Suppose -5*f = -5*g - 315, g = f + 3*g - 54. Calculate the highest common factor of 40 and f.
20
Let r = -87 + 167. Calculate the highest common factor of r and 16.
16
Let h = 37 - -9. What is the greatest common divisor of 115 and h?
23
Let z(v) = 5*v**2 - 7*v + 1. Let i(h) = 3*h**2 - 4*h + 1. Let q(k) = 7*i(k) - 3*z(k). Let f be q(5). What is the highest common factor of 17 and f?
17
Let n = -5 - -5. Suppose n = 4*b - 19 + 3. Let z = -3 + b. What is the greatest common factor of z and 6?
1
Let r(u) = u + 21. Let b be r(-10). Calculate the greatest common divisor of 132 and b.
11
Let t = 1 - -17. Let h(p) = 127*p**2 + 17*p + 16. Let c be h(-1). What is the highest common factor of t and c?
18
Suppose -4*k = -6*k + 22. Calculate the greatest common factor of k and 11.
11
Suppose 0 = -3*j + 3*h - 6, -h + 5*h = 5*j + 6. Suppose -l + 1 + j = 0. Let z be (-3)/((2 + 1)/(-21)). Calculate the highest common factor of l and z.
3
Let v = -67 - -122. Let s(i) = -i**2 + 11. Let u be (-1 - -1)*3/(-6). Let w be s(u). Calculate the highest common divisor of v and w.
11
Suppose i = -0*i + 61. Suppose -n - 2*r + 5*r + 31 = 0, -2*n + i = -5*r. Let h = n - -17. What is the highest common divisor of h and 15?
15
Suppose -5*f + 0*f + 2701 = -3*k, -2162 = -4*f + 3*k. Calculate the highest common divisor of 49 and f.
49
Let x = 41 - 21. Let j(n) = -n**2 + 12. Let g be j(0). Suppose -2*b = -3*y + 66, -5*b + b - g = 0. Calculate the greatest common factor of x and y.
20
Let c = -3 + 25. Suppose -142 - 584 = -3*w. Calculate the greatest common divisor of c and w.
22
Let m = 125 - 67. Suppose -4*j + m = 2*r, 2*r = 3*r - 5*j - 1. Let y be (r/1)/((-1)/(-3)). What is the greatest common divisor of 7 and y?
7
Suppose -5*f + 2*f + 42 = 0. What is the highest common divisor of f and 140?
14
Let g = 16 + -7. Suppose 3*p - g = -3. Calculate the greatest common divisor of p and 8.
2
Suppose -t - 4 = -5*t. Let h(p) = p**2 + 4*p - 2. Let s be h(-5). Let c(u) = -u**2 + 4*u - 2. Let q be c(s). What is the greatest common divisor of q and t?
1
Suppose s + 42 = 3*h - 2*s, 4*s = -3*h + 63. Calculate the highest common divisor of 1 and h.
1
Suppose -5*u + 4 + 7 = 2*q, 70 = 5*q + 4*u. What is the highest common divisor of q and 12?
6
Suppose 0 = -3*r + t + 26, 3*r - 5*t - 20 = -r. Calculate the greatest common factor of 90 and r.
10
Suppose r - 90 = -5*r. What is the greatest common divisor of 5 and r?
5
Let h = 0 - -5. Let r be h/(-3)*162/(-2). Let f = -6 - -21. What is the highest common factor of r and f?
15
Let y be (-3)/42*-16*7. Suppose -z - 2*z + 6 = 0. Let d be (216/16)/(z/y). Calculate the highest common factor of 18 and d.
18
Let y(t) = 4*t - 1. Let d be y(1). Let p(f) = f**3 - 2*f**2 - f + 1. Let i be p(d). What is the greatest common factor of i and 21?
7
Suppose -5*p = -2*g - 448, g - 2*g + 84 = p. What is the highest common factor of 8 and p?
8
Let s be 48/15 - 1/5. Let u be (2 - s) + -2 + 9. Suppose 140 = -2*v + u*v. Calculate the highest common divisor of 5 and v.
5
Let u = -19 - -25. Let l be u/3 + -3 + 20. Suppose a + 203 = h - 2*a, -3*a + 6 = 0. What is the highest common divisor of l and h?
19
Let z = -541 + 853. Calculate the greatest common factor of 39 and z.
39
Let q = 25 + -16. Suppose 5*w = 2*w + 12. Suppose 282 + 78 = w*p. What is the greatest common factor of q and p?
9
Let a(n) = -n**3 - 4*n**2 + 10*n + 8. Let m be a(-6). Suppose 5*i - m - 20 = 0. Let p be (-6)/i - 798/(-8). What is the highest common factor of 9 and p?
9
Suppose 58*v - 56*v = 20. What is the greatest common divisor of v and 90?
10
Let o(s) = 6*s - 5. Let n be o(4). Let i(u) = 2*u**2 - 23*u + 6. Let t be i(14). Calculate the greatest common divisor of n and t.
19
Let k(v) = v**3 + 8*v**2 + 8*v - 5. Let t be k(-6). Calculate the highest common divisor of t and 95.
19
Suppose 53 = 8*f - 27. What is the highest common divisor of f and 40?
10
Suppose 0 = 3*g - 2*r - 9, -5*r = -10*r. Suppose -3*o = -4*a + 147, -a - 5*o + 107 = 3*a. What is the highest common divisor of a and g?
3
Let s be 3*12/(0 - -1). Suppose -u + 3*u - s = 0. What is the greatest common divisor of 45 and u?
9
Suppose y - 3*b - 10 = -5*b, -3*y + 24 = 4*b. Let u be (-22)/(-4)*(-16)/(-2). What is the highest common divisor of y and u?
4
Let l be 3/(-6) - 1/2. Let r = 4 - l. Suppose 4*u + 2*i - 158 = 0, -2*u + 83 = -i - 2*i. What is the greatest common divisor of u and r?
5
Let t be 20/(24/(-6)) + 14. Calculate the greatest common divisor of 18 and t.
9
Suppose -46 - 2 = -2*f. Let j(n) = n**3 - n**2 + 2*n - 2. Let x be j(2). Calculate the highest common factor of x and f.
6
Let k be 114/9 - 1/(-3). Calculate the greatest common factor of 39 and k.
13
Let k(t) = -t - 70 + 70 + 11*t**2. Let a be k(-1). Calculate the highest common factor of 48 and a.
12
Let b(n) = -9*n**2 + 1. Let d be b(-1). Let r = d + 14. Suppose r*a - 2*a - g = 48, 0 = a + 2*g - 3. Calculate the highest common divisor